 the prime factors of f?
2, 5
What are the prime factors of 23*4/(12/9)?
3, 23
Let h = 8 + -10. Let q = h + 4. List the prime factors of q.
2
Suppose 2*d - 1 = 3. Let b(g) = -g - d + 1 + 2. List the prime factors of b(-4).
5
Suppose 5*u - 67 = 48. Suppose 5*a - 132 = u. What are the prime factors of a?
31
Let l = 17 - 40. Let x = l + 32. Suppose 3*d - x = 3. What are the prime factors of d?
2
Let y(p) = p**3 - 10*p**2 + 9*p + 7. Let g(z) = z**2 + z + 21. Let m be g(0). Suppose -v - 2*w - 2*w = -m, 5*v = -w + 48. List the prime factors of y(v).
7
Let w = 6 + -6. Suppose 2*a = g + 3*g - 50, w = -4*g + 4*a + 48. What are the prime factors of g?
13
Let v(f) = -f + 1. Let x be v(4). Let t be (-8)/(-2) + (x - -1). Suppose 2 = -t*o + 20. List the prime factors of o.
3
Let p(k) = -k**2 - 5*k - 2. Let r(y) = -y**3 + 3*y**2 + 2*y + 5. Let v be r(4). What are the prime factors of p(v)?
2
Let i = -6 + 35. What are the prime factors of i?
29
Let i(q) = 2*q**3 - 3*q - 1. Let l be i(-2). Let h = 15 + l. What are the prime factors of h?
2
Let h(c) = 12*c + 1. What are the prime factors of h(1)?
13
Let o be (10/2)/1*1. Suppose o*m - m = 12. What are the prime factors of m?
3
Suppose 3*y + b = 103, y + 3*b = -6 + 51. List the prime factors of y.
3, 11
Let a be 28/7 + -1 + -7. What are the prime factors of 29 - (a - (-1 + -1))?
31
Let r be 65/9 + 4/(-18). Let k(q) = 2*q**2 - 10*q + 6. List the prime factors of k(r).
2, 17
Let u = -3 - -86. List the prime factors of u.
83
Let w = 231 + -134. List the prime factors of w.
97
Let h be (-7)/14*(0 + 0). Suppose -2 = a - 5*r, 0 = -2*r - h*r + 6. List the prime factors of a.
13
Let u = 5 + -1. Suppose -u*i = -2*i - 6, 3*f - 48 = -2*i. List the prime factors of f.
2, 7
Let w(g) = -g**3 + 5*g**2 + 4*g + 7. Let u be w(6). Let o(q) = -2*q. List the prime factors of o(u).
2, 5
Suppose 3*m = -3*u + 216, 4*m = -3*u + 2*m + 215. What are the prime factors of u?
71
Suppose a + 3*a - 432 = 0. What are the prime factors of a?
2, 3
Suppose -3*i + 5*z - 2 + 1 = 0, -3*i - 2*z = -13. What are the prime factors of i?
3
Suppose 5*d - 80 = 5*i, -5*d - 24 + 106 = -4*i. Let z = -11 + d. Let l(c) = -c**2 + 6*c + 9. What are the prime factors of l(z)?
2
Suppose 4*k - k = 174. List the prime factors of k.
2, 29
Suppose r + 7 - 268 = 0. List the prime factors of r.
3, 29
Let k be (-2 - (-3)/3) + 13. Suppose -5*f + 3 = -k. List the prime factors of f.
3
Let c(d) = d**2 - 3*d - 1. Let k be c(4). Suppose k*j - 51 + 18 = 0. What are the prime factors of j?
11
List the prime factors of ((-3)/(-2))/((-57)/(-2660)).
2, 5, 7
Let l be (-9 + 4)/((-1)/1). Let z be 0 + 62 + -1 + -1. Suppose 5*w = -l*k + z, k + 2*w - 5*w = 0. List the prime factors of k.
3
Let u(c) = -c**3 + 6*c**2 + 6*c + 6. Let f be u(7). Let i be f/(2/(-9))*2. Suppose -5*v = -i - 6. List the prime factors of v.
3
Let z(v) = -v - 2. Let o be z(-5). Let w be (14/(-35))/(3/(-45)). Suppose 0*n = 2*x + o*n + w, -4*x = n - 8. List the prime factors of x.
3
Let a be ((-2)/6)/((-2)/18). Suppose -30 = -4*l - r - 6, a*l - r - 18 = 0. List the prime factors of l.
2, 3
Let j(i) = -i**2 - 5*i. Let c(v) = -v - 3. Let s be c(-3). Suppose s = -4*d + 2*t - 2 - 14, -12 = 3*d - 5*t. List the prime factors of j(d).
2
Let s(l) = l - 1. Let v(o) = 2*o + 8. Let i(p) = -3*s(p) + v(p). List the prime factors of i(-4).
3, 5
Let p(k) = -k**3 - 3*k**2 - 2*k - 4. Let q be p(-3). Suppose q*u = u + 3. List the prime factors of u.
3
Suppose 213 = 2*q - 3*b, 6*q = 2*q - 4*b + 376. Suppose -2*x - q = -5*x. What are the prime factors of x?
3, 11
Suppose 3*z - 7 = -1, -2*z = 4*s - 12. Suppose -2*k + 44 = 4*q, s*k = k + q + 16. Let w = k + -6. List the prime factors of w.
2, 3
Suppose -9*o + 165 = -4*o. List the prime factors of o.
3, 11
Let f be (9 + 1)*(-6)/(-4). Let c(z) = 2*z - 1 - 2*z + 2*z + f*z**2. List the prime factors of c(1).
2
Suppose 5*h - 135 = -i, 4*i + 5*h - 480 = -0*i. List the prime factors of i.
5, 23
Let u(z) = z**2 - 15*z - 16. Let c be u(16). Suppose -n + 0*n + 31 = c. List the prime factors of n.
31
Let u(t) = -2*t - 10. Let k be u(-8). Suppose 0 = -i + 27 + k. Suppose c - 4*c = -i. What are the prime factors of c?
11
Let x(r) = -r**3 - 5*r**2 + 14*r + 10. List the prime factors of x(-7).
2, 5
Let d = 7 + -13. List the prime factors of d/4*10/(-3).
5
Let z(l) = -l**2 + 9*l - 9. Let i be z(7). Suppose -i*t + 3 = -4*t. Suppose 1 = k - 0, -t*k = -3*s + 27. List the prime factors of s.
2, 5
Let n be 4/(-10) + (-48)/(-20). Let c be n/3 - 94/(-3). What are the prime factors of (c/20)/((-1)/(-10))?
2
Suppose 0 - 56 = -2*t. What are the prime factors of t?
2, 7
Suppose 5*o - o = 32. Let h = 13 - o. What are the prime factors of h?
5
Suppose 0 = 4*q - 2*o - 2, 3*q + 2*o - o = 9. Suppose q*n - 6 = -2. List the prime factors of n.
2
Let y(k) = -4*k - 5. Let n = 0 + -9. List the prime factors of y(n).
31
Suppose -6 = -z + 18. Suppose 3*j + j + 4*v = 64, 3*j - 3*v = 30. Let k = z - j. List the prime factors of k.
11
Suppose 5*m = 3*d + 200, -2*m = 3*m + 4*d - 200. Let v = m + -16. List the prime factors of v.
2, 3
Suppose 0 = 2*n + n + 9, -1 = 2*r - 3*n. Let y(i) = -5*i - 2. Let w be y(2). Let j = r - w. List the prime factors of j.
7
Let z(p) = -10*p + 32. List the prime factors of z(-7).
2, 3, 17
Let i(x) = x**3 + 4*x**2 - 7*x - 7. Let h be i(-5). Suppose 0 = 2*o + 4*v - 18, -o + 2 = h*v - 5. What are the prime factors of o?
13
Let j(v) = v**3 - 5*v**2 - 5*v + 8. Let h = 33 - 15. Suppose d - 4*d = -h. List the prime factors of j(d).
2, 7
Let u = 1 - -4. Suppose 90 = 5*i - u. What are the prime factors of i?
19
Let w = 90 - -124. What are the prime factors of w?
2, 107
Suppose 0 = 4*c - 3 - 9. Let s(g) = -c*g + 3*g - 5 - 4*g. What are the prime factors of s(-5)?
3, 5
Let o be ((-16)/(-12))/(4/6). Suppose -q + o + 3 = 5*u, 65 = 4*q + 5*u. List the prime factors of q.
2, 5
Let p = -5 - -8. Suppose -u - 2 + 5 = 0. Suppose -u*m - p + 21 = 0. What are the prime factors of m?
2, 3
What are the prime factors of 3/6 + (-222)/(-12)?
19
Suppose 0 = -3*h + 6*h + 9. Let i = h + 6. What are the prime factors of 2/i + 7/3?
3
Suppose -485 = -5*f - 0*p - 3*p, -3*p = f - 109. List the prime factors of f.
2, 47
Let a(v) = -21*v - 4. List the prime factors of a(-3).
59
Suppose -3*y + 2*v + 97 = -0*y, 3*y = 4*v + 95. What are the prime factors of y?
3, 11
Suppose 0 = -3*d - 5*c - 19 + 125, -2*c - 176 = -4*d. List the prime factors of d.
2, 3, 7
Suppose h - 199 = -0*g - 4*g, -5*g + 2*h = -252. Let s(v) = 5*v - 21. Let u be s(6). Suppose 4*d - u*d + g = 0. What are the prime factors of d?
2, 5
List the prime factors of (132/(-55))/((-4)/130).
2, 3, 13
Suppose 4*c - 20 - 24 = 0. Let b = c - 8. Let z(w) = 3*w + 2. List the prime factors of z(b).
11
Suppose 0 = 3*w + h - 28, 3*h + 12 = w + 2*h. Suppose -5*c - 235 = -w*c. List the prime factors of c.
47
Suppose z - 19 = 36. What are the prime factors of z?
5, 11
What are the prime factors of 1/(390/194 + -2)?
97
Let j be (-4)/18 - (-56)/9. What are the prime factors of 6/4*j + 3?
2, 3
Let j be 24/(-14) - (-2)/(-7). Let z = -4 + j. Let a = -1 - z. What are the prime factors of a?
5
Let c be (15 + 0)*(4 - 3). Suppose c = q - y - y, 5*q + y = 64. List the prime factors of q.
13
Suppose -5*z - 1290 = 2*b, 0*z + 4*z + 1032 = 3*b. What are the prime factors of z/(-54) - 4/(-18)?
5
Suppose -19*x - 256 = -23*x. List the prime factors of x.
2
Suppose -3*p - p + 16 = 0. Suppose 0 = 3*g + 2*u + 2*u - 97, -104 = -p*g + u. List the prime factors of g.
3
Let o = 17 - 14. What are the prime factors of ((-8)/o)/((-4)/12)?
2
Suppose -3*d - d = -12. Let k(p) = 7*p + 3. List the prime factors of k(d).
2, 3
Let v be 2 - 0 - 14/(-2). Suppose -s + 2*l = l - 21, 3*l = v. Suppose -s = -2*k - 2*k. List the prime factors of k.
2, 3
Let k(c) = c**2 + 4*c + 1. Let l be k(-3). Let b = 4 + l. Suppose 2*d + b*a - 33 = 5*a, 2*d = -5*a + 25. List the prime factors of d.
3, 5
Suppose -12 = 2*o - 3*c, -3*o = -0*o - 5*c + 18. Let h = -2 - o. What are the prime factors of h?
2
Suppose -10*c + 6*c = -48. List the prime factors of c*3/(6/4).
2, 3
Suppose 29 = 2*c - z - 250, 5*z - 537 = -4*c. What are the prime factors of c?
2, 3, 23
Suppose b - 3*g = -2*b + 339, 4*b - 5*g = 448. Suppose -2*o = o - b. List the prime facto